n factor of y and g.
12
Suppose 3*z - 310 = 554. Suppose 0 = 2*w + 2*y - z, -2*w + 275 = -5*y - 6. Calculate the greatest common factor of 13 and w.
13
Suppose b = 5*y - 35, 4*y + 260 = -0*b - 4*b. Let r = b + 105. Suppose 0 + 45 = 3*c. Calculate the highest common divisor of c and r.
15
Suppose 0 = -u - 4*z + 333, -4 = -4*z - 8. Suppose -4*l + 3 = -u. Calculate the highest common divisor of l and 17.
17
Let i(w) = w**2 + 8*w - 9. Let d be i(-9). Suppose d*r + 4*r = 396. Calculate the highest common factor of r and 9.
9
Let i = 399 + -237. What is the highest common divisor of i and 18?
18
Let c(n) = n**3 - 3*n**2 - 4*n + 3. Let h be c(5). Suppose 0 = 4*l - 12, -3*a - 5*l + h = -a. What is the greatest common divisor of 9 and a?
9
Let v(u) = 3*u - 5*u - 3 + u. Let q be v(-8). What is the greatest common divisor of q and 50?
5
Suppose 0 = j - 5. Let k be (-2)/8 + (-114)/(-8). Suppose -5*a = -5*z - 10, -3*a + k = 5*z - 2*a. What is the highest common divisor of z and j?
1
Let o(p) = 2*p**3 - 3*p - 3*p**2 - 1 + 2 + 7*p. Let f be o(3). Suppose -5*h + 0*h = 3*x - f, -5*h = 5*x - 60. Calculate the highest common divisor of 10 and x.
10
Suppose -12*n = -16*n. Suppose 0*g + 3*g - 6 = n. Let b be (-10)/((5 + -1)/(-2)). Calculate the greatest common factor of b and g.
1
Suppose 5*i - 747 = -127. Suppose 0 = -3*u + 12. Suppose -x = 2*g - 34, x = 5*x + u*g - i. Calculate the greatest common factor of x and 4.
4
Let d be -1*((2 - 1) + -71). Let y(t) = t**3 - 1. Let m be y(2). Let l be m/(2 - 14/8). Calculate the greatest common factor of l and d.
14
Let a be (-1)/((-2)/((-4)/2)). Let m = 3 + a. Suppose 100 = m*l - l. What is the highest common divisor of l and 10?
10
Suppose -5 = 5*y - 20. Suppose -y*d = 3*g - 9, 5*g - 21 = -3*d - 0. Suppose 0 = -z + 3*l + 33, -6 = -2*l - 0. What is the greatest common factor of g and z?
6
Suppose 3*c = 12*c - 99. What is the greatest common factor of c and 77?
11
Suppose -x + 1 = -0*x, -a + 12 = 4*x. Let m be -1 + 2 + 38/2. What is the greatest common factor of m and a?
4
Suppose 0*r + 20 = 5*r. What is the highest common factor of r and 36?
4
Suppose v - 22 = -1. What is the highest common factor of v and 21?
21
Let a be 28/35 + 16/5. Let h be 4*(17/a - 4). What is the greatest common divisor of 4 and h?
1
Let f be (3 + 3/(-3))/(-2). Let b(t) = 79*t**2 - t. Let i be b(f). Let q = -21 + 41. What is the greatest common factor of q and i?
20
Suppose 0*w - 2*w = -10. Let t be (w/3 - 4)*-3. What is the greatest common divisor of 49 and t?
7
Suppose 4*b + 38 = 6*b. Let l = 33 - b. Let y be (-1 - -2)/((-3)/(-105)). Calculate the greatest common factor of l and y.
7
Let s(i) = i**3 - 3*i + 3. Let g be s(-3). Let u = g - -8. Let y be (48/u)/(2/(-14)). Calculate the highest common divisor of y and 12.
12
Let m(q) = -q**3 + 9*q**2 - 9*q + 12. Let t be m(8). Suppose 0 = -0*a - t*a + 176. What is the highest common factor of 22 and a?
22
Suppose a + 4*q = -a - 16, -3*a + 3*q + 21 = 0. Let l be ((-1)/a)/((-3)/546). Calculate the highest common divisor of 13 and l.
13
Suppose 0 = -4*d + d + 36. Calculate the highest common divisor of 3 and d.
3
Let m = -20 - -25. Calculate the greatest common factor of m and 55.
5
Suppose b - 136 = -7*b. Calculate the greatest common divisor of b and 136.
17
Suppose t + t = 36. Calculate the highest common factor of 27 and t.
9
Let x = 58 + -28. Suppose -n - 4*n - 30 = 0. Let f be n*(-7)/(42/20). Calculate the greatest common divisor of x and f.
10
Suppose 5*v = v + 12. Let r(h) = 2*h**2 - h + 1. Let f be r(v). Let z = 110 - 30. What is the highest common factor of f and z?
16
Let a be ((-42)/4)/(9/(-12)). Suppose -j = -3*j + a. What is the highest common divisor of 35 and j?
7
Let v = 20 - -88. Suppose 4*i = -i - 5. Let s(t) = -12*t. Let f be s(i). Calculate the greatest common factor of f and v.
12
Suppose 5*g + p - 2*p - 8 = 0, 0 = 2*g + 2*p + 4. Calculate the highest common divisor of g and 7.
1
Let f(h) = h**2 - 4*h - 7. Let g be f(8). What is the greatest common factor of 5 and g?
5
Let k be -1 - (3 - (-2 + 12)). Suppose k - 39 = -y. Suppose -3*v = 12 - y. What is the greatest common factor of v and 56?
7
Suppose v + 50 = 2*q - v, -2*q - 4*v = -80. Calculate the greatest common factor of 10 and q.
10
Let u = -23 - -25. Suppose -u*a + 3 = -a. Calculate the greatest common factor of 1 and a.
1
Let g(x) = -6*x - 3. Let j be g(-3). Let a be (-80)/3*63/(-14). Calculate the highest common factor of a and j.
15
Suppose -2*o + 4*j + 74 = 0, -5*o + j - 2*j + 163 = 0. What is the highest common divisor of 297 and o?
33
Let v = -6 - -8. Suppose -1 + 9 = v*k. What is the highest common divisor of k and 28?
4
Suppose -9*l + 78 = -6*l. What is the greatest common factor of 130 and l?
26
Suppose -3*l - 2*q + 256 - 37 = 0, 5*l - q = 378. Suppose 0*s = 5*s - 75. What is the highest common factor of l and s?
15
Let a = 10 + -2. What is the greatest common factor of a and 12?
4
Let t(q) = -q**2 - 14*q + 23. Let a be t(-13). Let m(u) = -u**3 - 4*u**2 - u. Let d be m(-4). What is the highest common divisor of d and a?
4
Let z(f) = f**2 + 5*f + 2. Suppose 26 = -d + 4*q, -3*d = -q - 4*q + 43. Let t be z(d). Calculate the highest common factor of 64 and t.
8
Suppose -4*b + 5*b = 3. What is the greatest common divisor of 21 and b?
3
Suppose -2*p = -3*m - 15, -2*p = m + m. Suppose 2 = -p*w + 227. Let a be (-5 + 2)/(3/(-15)). Calculate the greatest common factor of a and w.
15
Suppose 47*k - 51*k = -12. Let r(l) = l**2 - 4*l - 6. Let p be r(6). What is the highest common factor of k and p?
3
Let r(o) = 4*o**2 + 10*o + 6. Let y(x) = -x**2 - 1. Let j(n) = -r(n) - 3*y(n). Let p be j(-7). Calculate the greatest common divisor of p and 9.
9
Let y be (-7)/((-35)/2)*55. What is the greatest common factor of y and 176?
22
Suppose 2*n + z - 225 = -2*n, -n = 2*z - 58. Calculate the highest common divisor of 8 and n.
8
Let j = -28 - -48. Let y = 336 - 116. Calculate the greatest common factor of j and y.
20
Suppose -c - 5*g - 33 = -3*c, 5*c - g = 48. Suppose -4*b = -c*b + 25. What is the highest common divisor of 40 and b?
5
Suppose 31 - 7 = 3*m. What is the greatest common divisor of 16 and m?
8
Let x be (((-12)/15)/1)/(1/(-120)). Calculate the highest common divisor of x and 36.
12
Let i be -3 - 3/6*4. Let p(j) = 2 + 1 - 2*j - 2. Let v be p(i). What is the greatest common factor of v and 44?
11
Suppose -3*u = -90 - 360. Suppose -2*q = 3*q + 3*b - u, -4*b - 115 = -5*q. Calculate the highest common factor of 18 and q.
9
Suppose -3*l - 150 = -2*b, -3*l - 8 = -2. Calculate the highest common divisor of 9 and b.
9
Suppose -24 = -3*i - 2*b, 0 = 2*i + 3*i - b - 40. Calculate the greatest common divisor of i and 4.
4
Let m(i) = -i**2 + 9*i + 27. Let y be m(11). What is the greatest common divisor of y and 55?
5
Let r(t) be the third derivative of -5/24*t**4 - 2*t**2 + 1/30*t**5 + 0 + 0*t + 5/6*t**3. Let v be r(5). Calculate the highest common factor of v and 10.
10
Let q(z) = -11*z + 12. Let j be q(-10). Let g = j - 67. Suppose 0 = -4*p - 2*c + 86, -4*p + p - 5*c = -61. Calculate the highest common factor of g and p.
11
Let y(l) = l**2 + 2*l - 11. Let f be y(-5). Calculate the highest common divisor of 10 and f.
2
Suppose -29 = -2*d + 1. Calculate the highest common divisor of d and 120.
15
Let k = -35 - -48. What is the greatest common divisor of k and 65?
13
Let g(b) = 12*b**2 - b - 1. Let t be g(-1). Suppose i = 0, -4*i + 5*i = -3*k + 12. What is the greatest common factor of k and t?
4
Let c be 252/(-45)*90/(-4). Calculate the greatest common factor of 14 and c.
14
Let p(u) = -u**3 - 8*u**2 + u - 1. Let a be p(-9). Let s be (0 + 41 + 0)/1. Let i = a - s. Calculate the greatest common factor of i and 6.
6
Let a = 12 + 2. Let s be (-2 - 22/(-6))*3. Suppose -14 = s*f - 504. What is the greatest common divisor of a and f?
14
Let b be 11/3 - 4/6. Let j(r) = 4*r**2 + 2*r - 2. Let s be j(b). What is the highest common factor of s and 8?
8
Let l(z) = 4*z + 152. Let u be l(0). Calculate the highest common divisor of u and 19.
19
Let l(u) be the third derivative of -u**5/60 - u**4/4 - 2*u**3/3 - 2*u**2. Let b be l(-4). Let i = b - -4. Calculate the highest common divisor of i and 32.
8
Suppose 0*s + 4*s = 12, -3*g + 5*s = -3. Let b(r) = r**